 by 1453.
1436
What is the remainder when 99238 is divided by 9?
4
Calculate the remainder when 10294544 is divided by 273.
260
What is the remainder when 7134 is divided by 3288?
558
What is the remainder when 4628889 is divided by 4451?
4300
What is the remainder when 2595 is divided by 1582?
1013
What is the remainder when 57184 is divided by 7018?
1040
Calculate the remainder when 767630 is divided by 383725.
180
What is the remainder when 2699386 is divided by 1715?
1691
Calculate the remainder when 8454974 is divided by 13.
8
Calculate the remainder when 137658 is divided by 34165.
998
What is the remainder when 4197367 is divided by 3?
1
Calculate the remainder when 284370179 is divided by 621.
617
What is the remainder when 990614 is divided by 198080?
214
What is the remainder when 58419759 is divided by 140?
139
What is the remainder when 1435308 is divided by 287039?
113
What is the remainder when 22351059 is divided by 5?
4
What is the remainder when 16182 is divided by 3756?
1158
Calculate the remainder when 7653729 is divided by 106.
105
Calculate the remainder when 10902372 is divided by 210.
12
Calculate the remainder when 573043 is divided by 1254.
1219
What is the remainder when 180744934 is divided by 289?
288
What is the remainder when 49468 is divided by 1506?
1276
What is the remainder when 119505 is divided by 617?
424
What is the remainder when 20353011 is divided by 29?
28
Calculate the remainder when 8219198 is divided by 52687.
26
Calculate the remainder when 3311524 is divided by 13089.
7
What is the remainder when 22983977 is divided by 1532265?
2
Calculate the remainder when 443294 is divided by 159.
2
Calculate the remainder when 1236100 is divided by 710.
700
Calculate the remainder when 34724 is divided by 3206.
2664
Calculate the remainder when 10186177 is divided by 133.
106
Calculate the remainder when 90645 is divided by 19.
15
What is the remainder when 144881 is divided by 1909?
1706
What is the remainder when 2743046 is divided by 182869?
11
Calculate the remainder when 257548 is divided by 332.
248
What is the remainder when 131805143 is divided by 5137?
5134
What is the remainder when 1329825 is divided by 37?
8
What is the remainder when 205341632 is divided by 5949?
5948
Calculate the remainder when 3703974 is divided by 1259.
1255
Calculate the remainder when 4846886 is divided by 158.
78
What is the remainder when 1444412 is divided by 2665?
2647
Calculate the remainder when 2720864 is divided by 123.
104
Calculate the remainder when 1556964 is divided by 45763.
1022
Calculate the remainder when 7202981 is divided by 5023.
5022
What is the remainder when 318484 is divided by 6635?
4
What is the remainder when 71093481 is divided by 586?
547
What is the remainder when 11803036 is divided by 173574?
4
Calculate the remainder when 15410 is divided by 3076.
30
Calculate the remainder when 16091397 is divided by 650.
647
What is the remainder when 6306085 is divided by 3153034?
17
Calculate the remainder when 435687 is divided by 4775.
1162
What is the remainder when 958679 is divided by 24?
23
Calculate the remainder when 16885 is divided by 5313.
946
Calculate the remainder when 1287643 is divided by 2722.
137
Calculate the remainder when 2106904 is divided by 13777.
12800
What is the remainder when 17608 is divided by 6223?
5162
Calculate the remainder when 1246270 is divided by 18601.
3
Calculate the remainder when 884264 is divided by 9307.
99
What is the remainder when 42735898 is divided by 126?
100
Calculate the remainder when 2242720 is divided by 112136.
0
Calculate the remainder when 1918011 is divided by 319653.
93
What is the remainder when 5577818 is divided by 3336?
26
What is the remainder when 69243183 is divided by 28?
23
Calculate the remainder when 13742764 is divided by 352377.
61
Calculate the remainder when 245461 is divided by 81812.
25
What is the remainder when 34239616 is divided by 189?
187
Calculate the remainder when 2669004 is divided by 889602.
198
What is the remainder when 239410 is divided by 9973?
58
What is the remainder when 29175 is divided by 624?
471
What is the remainder when 214232447 is divided by 1216?
1215
What is the remainder when 204670 is divided by 1084?
878
What is the remainder when 165718 is divided by 1505?
168
Calculate the remainder when 11026938 is divided by 20.
18
What is the remainder when 2284 is divided by 189?
16
Calculate the remainder when 5849186 is divided by 449937.
5
Calculate the remainder when 32287621 is divided by 1374.
1369
Calculate the remainder when 1658627 is divided by 191.
174
Calculate the remainder when 42322148 is divided by 8.
4
What is the remainder when 2809199 is divided by 5241?
23
Calculate the remainder when 3669884 is divided by 4411.
4343
What is the remainder when 16128959 is divided by 1682?
261
What is the remainder when 2645697 is divided by 8908?
21
What is the remainder when 8378 is divided by 5164?
3214
What is the remainder when 10230576 is divided by 126303?
33
What is the remainder when 1647272 is divided by 137?
121
Calculate the remainder when 163303 is divided by 710.
3
What is the remainder when 433290 is divided by 904?
274
What is the remainder when 19161198 is divided by 117?
108
Calculate the remainder when 137990 is divided by 1353.
1337
Calculate the remainder when 103517 is divided by 42.
29
What is the remainder when 2428751 is divided by 141?
26
What is the remainder when 16545840 is divided by 9?
6
What is the remainder when 56419 is divided by 48363?
8056
Calculate the remainder when 29762620 is divided by 162.
142
Calculate the remainder when 14631581 is divided by 215.
186
Calculate the remainder when 271018 is divided by 5036.
4110
Calculate the remainder when 1948918 is divided by 149915.
23
Calculate the remainder when 4248442 is divided by 70.
2
Calculate the remainder when 493296977 is divided by 110.
107
What is the remainder when 26845 is divided by 1088?
733
Calculate the remainder when 615430 is divided by 145.
50
Calculate the remainder when 1036034 is divided by 1034.
1000
What is the remainder when 6572027 is divided by 17?
14
Calculate the remainder when 695598 is divided by 752.
750
What is the remainder when 54120 is divided by 1082?
20
What is the remainder when 671800 is divided by 261?
247
Calculate the remainder when 11629 is divided by 1278.
127
Calculate the remainder when 994283 is divided by 994280.
3
Calculate the remainder when 57554272 is divided by 71853.
19
What is the remainder when 2411205694 is divided by 58?
56
What is the remainder when 2002759 is divided by 40?
39
What is the remainder when 2006436 is divided by 2527?
2525
Calculate the remainder when 3809677 is divided by 459.
436
What is the remainder when 314135 is divided by 24?
23
Calculate the remainder when 51522272 is divided by 11.
10
What is the remainder when 840426 is divided by 6448?
2186
What is the remainder when 23667723 is divided by 438291?
9
What is the remainder when 914809 is divided by 10?
9
What is the remainder when 114493 is divided by 264?
181
Calculate the remainder when 20664994 is divided by 20.
14
Calculate the remainder when 1827600 is divided by 4260.
60
Calculate the remainder when 3814461 is divided by 48281.
262
What is the remainder when 1625411 is divided by 4441?
5
Calculate the remainder when 1065868 is divided by 439.
415
What is the remainder when 3694723 is divided by 53?
40
What is the remainder when 7314829 is divided by 936?
925
Calculate the remainder when 1492779 is divided by 3497.
3057
What is the remainder when 6849719 is divided by 6536?
6527
What is the remainder when 62254989 is divided by 1142?
1
What is the remainder when 138185 is divided by 284?
161
Calculate the remainder when 1130867 is divided by 1854.
1781
What is the remainder when 31957200 is divided by 65?
15
Calculate the remainder when 30229235 is divided by 13.
10
Calculate the remainder when 180265 is divided by 1228.
977
What is the remainder when 7759372 is divided by 92373?
40
Calculate the remainder when 198313 is divided by 108.
25
What is the remainder when 94543 is divided by 338?
241
What is the remainder when 57807 is divided by 3594?
303
Calculate the remainder when 3235